{"id":28,"date":"2013-09-27T01:56:48","date_gmt":"2013-09-26T23:56:48","guid":{"rendered":"http:\/\/www.comedian-harmonists.net\/?page_id=28"},"modified":"2023-09-30T23:51:34","modified_gmt":"2023-09-30T21:51:34","slug":"tv-radio","status":"publish","type":"page","link":"http:\/\/www.comedian-harmonists.net\/?page_id=28","title":{"rendered":"Radio, TV &#038; Theater"},"content":{"rendered":"<p><strong>von Broody &#038; Josef Westner<\/strong><br \/>\n&nbsp;<\/p>\n<ul>\n&rarr; <a href=\"#RADIO\"><strong>Radiosendungen (nach 1945)<\/strong><\/a><br \/>\n&rarr; <a href=\"#TV\"><strong>Fernsehsendungen (nach 1945)<\/strong><\/a><br \/>\n&rarr; <a href=\"#THEATER\"><strong>Theaterst\u00fccke, Musicals<\/strong><\/a><br \/>\n&rarr; <a href=\"#KINO\"><strong>Kinofilm<\/strong><\/a><\/ul>\n<hr align=\"center\" size=\"2\" width=\"100%\" \/>\n<h3><a name=\"RADIO\"><\/a>Radiosendungen<\/a><\/h3>\n<ul><strong>??.6.1949: Bunte Stunde<\/strong><br \/>\nSDR Stuttgart, Erwin Bootz singt und kommentiert vier Chansons von ihm und anderen Komponisten<\/ul>\n<ul><strong>31.12.1955: Erinnerungen an das Jahr 1924<\/strong><br \/>\nMit Hubert v. Meyerinck.<br \/>\nKlaviersolo von Erwin Bootz mit Gesang: \u201eDu mein altes Berlin\u201c; Bootz spielt \u201ezweiklavierig\u201c wie bei Nelson.<\/ul>\n<ul><strong>2.5.1956: Erinnern Sie sich? Die Comedian Harmonists<\/strong><br \/>\nBayrischer Rundfunk, u.a. mit Fred Kassen, Sprecher: Fritz Hausmann.<\/ul>\n<ul><strong>21.6.1956: Meistersinger der Kleinkunst &#8211; die Comedian Harmonists und ihre Zeit<\/strong><br \/>\nRadio Bremen, mit Erwin Bootz.<br \/>\nWiederholungen im Dezember 1956 und am 23.2.1957 im SFB.<\/ul>\n<ul><strong>??.??.1956: Sechs Herren im Frack &#8211; Erwin Bootz erz\u00e4hlt \u00fcber die \u201eComedian Harmonists\u201c und ihre Zeit<\/strong><br \/>\nS\u00fcdwestfunk Baden-Baden (Wiederholungen 1958, 1969 und 1973).<\/ul>\n<ul><strong>25.1.1957:<\/strong><br \/>\nUKW Nord, 21:45 Uhr bis 22:00 Uhr.<br \/>\nErwin Bootz singt \u201eDas Magazin\u201c (E. Bootz), \u201eKitsch im Dreivierteltakt\u201c (Hollaender), \u201eDer Berufsgruseler\u201c (G. Neumann), \u201eIn der Bar zum Krokodil\u201c (Beda).<\/ul>\n<ul><strong>29.4.1959: Noch leuchten ihre Sterne, 2. Folge<\/strong><br \/>\nMusikalischer Monatskalender von Erwin Bootz.<\/ul>\n<ul><strong>??.10.1960<\/strong><br \/>\nBayerischer Rundfunk, Sendung \u00fcber die Comedian Harmonists.<\/ul>\n<ul><strong>unbekannt: Der klingende Zauberladen<\/strong><br \/>\nAnsagen von E. Bootz, historische Aufnahmen, u.a. mit dem Orchester Bruno Seidler-Winkler.<\/ul>\n<ul><strong>25.3.1963: Singende Kom\u00f6dianten &#8211; die Comedian Harmonists und ihre Welt &#8211; eine Sendung von und mit Robert Biberti<\/strong><br \/>\nSender Freies Berlin (SFB II).<br \/>\nWiederholung im SFB I am 25.5.1963 und 14.9.1964.<\/ul>\n<ul><strong>19.1.1965: Aus der Mottenkiste<\/strong><br \/>\nSDR Stuttgart, Erwin Bootz erz\u00e4hlt vom Gesangs-Sextett \u201eComedian Harmonists\u201c, die er als Pianist begleitete (in Toronto auf Band aufgenommen). Sprecher: Hermann Haarmann<\/ul>\n<ul><strong>30.1.1965: Irgendwo auf der Welt<\/strong><br \/>\nRadio DDR, Dresden, u.a. Interview mit Ari Leschnikoff.<\/ul>\n<ul><strong>23.3.1965: Erinnern Sie sich? Eine Plauderei \u00fcber die \u201eComedian Harmonists\u201c<\/strong><br \/>\nSDR Stuttgart, Beitrag zur Sendereihe \u201eDie bunte Palette\u201c, erz\u00e4hlt von Erwin Bootz (in Totonto auf Band aufgenommen, Wiederholung am 3.8.1965 und 8.7.1977).<\/ul>\n<ul><strong>16.9.1966: Kreuz und quer zum Wochenend&#8216;<\/strong><br \/>\nBayrischer Rundfunk, Magazin mit Kurt Seeberger.<br \/>\nInterview mit Harry M. Frohman.<\/ul>\n<ul><strong>1966\/67: Aus der Mottenkiste<\/strong><br \/>\nS\u00fcddeutscher Rundfunk Stuttgart, Ansager: Hermann Haarmann, Moderation von Erwin Bootz (in Kanada auf Band gesprochen).<br \/>\n2. Folge evtl. am 6.10.1967.<\/ul>\n<ul><strong>??.??.1969: Sechs Herren im Frack<\/strong><br \/>\nSWF Baden-Baden, Erwin Bootz erz\u00e4hlt \u00fcber die Comedian Harmonists und ihre Zeit.<br \/>\nWahrscheinlich Wiederholung der Sendung von 1965.<\/ul>\n<ul><strong>1.5.1971: Wenn auch die Jahre enteilen<\/strong><br \/>\nSendereihe des Senders Freies Berlin, Moderation: Rudolf G\u00fcnter Wagner.<br \/>\nInterview mit Robert Biberti \u00fcber die Geschichte der Comedian Harmonists. Wiederholung am 5.5.1975.<\/ul>\n<ul><strong>13.1.1973: Start 1928<\/strong><br \/>\nRadio Bremen, Interview mit Harry M. Frohman.<\/ul>\n<ul><strong>29.12.1973:<\/strong><br \/>\nSWF, mit Erwin Bootz. (siehe auch Czada, S. 197)<\/ul>\n<ul><strong>??.??.1974: Wei\u00dft Du noch?<\/strong><br \/>\nDeutsche Welle, Interview mit Robert Biberti.<\/ul>\n<ul><strong>20.4.1974: Unterhaltung am Wochenende<\/strong><br \/>\nWDR, Studio K\u00f6ln, mit Ingo Insterburg und Robert Biberti.<\/ul>\n<ul><strong>17.6.1974: RIAS-Stammtisch<\/strong><br \/>\nRIAS Berlin, Leitung: Wolfgang Lukschy, mit Robert Biberti, Claus Biederst\u00e4dt u.a.<br \/>\nWiederholung am 7.7.1974 und sp\u00e4tere Ausstrahlungen.<\/ul>\n<ul><strong>??.5.1975:<\/strong><br \/>\nInterview mit Robert Biberti f\u00fcr die f\u00fcnfteilige Dokumentarfilmreihe \u201eFilmemigration\u201c des WDR. Eine Verwendung in der fertigen Fassung ist \u2013 wie bei rund der H\u00e4lfte der Interviewten \u2013 wohl nicht erfolgt.<\/ul>\n<ul><strong>5.5.1975: Wenn auch die Jahre enteilen<\/strong><br \/>\nSender Freies Berlin, mit Robert Biberti (wahrscheinlich Wiederholung der Sendung von 1971).<\/ul>\n<ul><strong>17.9.1975: Vokal-Pop von einst &#8211; Die Comedian Harmonists und ihre Lieder<\/strong><br \/>\nBayrischer Rundfunk, Interview Dr. Stephan Pflicht mit Harry M. Frohman.<\/ul>\n<ul><strong>18.9.1975: Willkommen &#8211; Bienvenue \u2013 Welcome (\u201aComedian Harmonists\u2018)<\/strong><br \/>\nRIAS Berlin, Moderation: Robert Biberti. (siehe auch Friedman, S. 279)<\/ul>\n<ul><strong>??.??.1975: Memories in Rhythm (41. Ausgabe)<\/strong><br \/>\nSender Freies Berlin, unter Mitwirkung von Robert Biberti.<\/ul>\n<ul><strong>17.3.1976: Altmeister der Unterhaltung &#8211; Erwin Bootz<\/strong><br \/>\nBayrischer Rundfunk, mit Erwin Bootz.<\/ul>\n<ul><strong>18.9.1976(?): Musikalische Erinnerungen an die \u201eComedian Harmonists\u201c<\/strong><br \/>\nBerliner Rundfunk (DDR), Sendung mit Erwin Bootz, Moderation: Hellmuth N\u00e4ther.<\/ul>\n<ul><strong>9.1.1977: Musikreport (aus der Reihe \u201eLeichte Musik\u201c)<\/strong><br \/>\nBayrischer Rundfunk, Interview mit Robert Biberti.<\/ul>\n<ul><strong>5.6.1977 &#038; 11.6.1977: Stunde des Chansons: \u201aSch\u00f6nklingende Stimmen gesucht\u2019 &#8211; Die \u201aComedian Harmonists\u2018 und ihre Lieder<\/strong><br \/>\nS\u00fcdwestfunk Stuttgart. (siehe auch Friedman, S. 279)<\/ul>\n<ul><strong>8.7.1977: Erinnern Sie sich?<\/strong><br \/>\nS\u00fcdwestfunk Stuttgart, mit Erwin Bootz. (siehe auch Czada, S. 197)<\/ul>\n<ul><strong>2.9.1979: Daheim und unterwegs &#8211; Erinnerungen an die Comedian Harmonists<\/strong><br \/>\nWDR Radio, Interview mit Robert Biberti.<\/ul>\n<ul><strong>10.7.1981: Gut aufgelegt<\/strong><br \/>\nWDR, Robert Biberti als \u201eErinnerungs-Star der Woche\u201c<\/ul>\n<ul><strong>18.6.1982: Treffpunkt Unterwegs<\/strong><br \/>\nSFB II, Interview mit Robert Biberti.<\/ul>\n<ul><strong>??.10.1983: Zum Tod von Herbert Imlau<\/strong><br \/>\nNDR, Gedenksendung, u. a. Interview mit Robert Biberti.<\/ul>\n<ul><strong>14.1.1984: King\u2019s Singers \u2013 A tribute to the Comedian Harmonists<\/strong><br \/>\nWDR, u. a. Interview mit Robert Biberti.<\/ul>\n<ul><strong>16.6.1984: Erinnerungen an Harry Frohman und die Comedian Harmonists<\/strong><br \/>\nRadio Bremen, u. a. Interview mit Erika von Sp\u00e4th \u00fcber Harry Frommermann\/Frohman.<\/ul>\n<ul><strong>1984: G\u00e4stebuch \u2013 Robert Biberti<\/strong><br \/>\nSaarl\u00e4ndischer Rundfunk, Brita Maria Carell im Gespr\u00e4ch mit Robert Biberti<\/ul>\n<ul><strong>10.2.1985: Waren die Zwanziger Jahre golden?<\/strong><br \/>\nRadio Bremen, mit Robert Biberti.<\/ul>\n<ul><strong>7.5.1987: Musik im 20. Jahrhundert<\/strong><br \/>\nRadio DDR, mit einem aufgezeichneten Interview mit Erwin Bootz.<\/ul>\n<ul><strong>9.12.1990: Fundgrube<\/strong><br \/>\nBerliner Rundfunk, Prof. Dr. Peter Czada \u00fcber die Comedian Harmonists.<\/ul>\n<ul><strong>5.9.1998:<\/strong><br \/>\nMehrere Radiosendungen \u00fcber die Comedian Harmonists auf MDR Kultur, u. a. \u201eIch habe Deutschland geliebt\u201c (Interviews mit Roman Cycowski) und \u201eDa capo Comedian Harmonists\u201c mit Prof. Dr. Peter Czada sowie Wiederholung fr\u00fcherer Radiosendungen mit Ari Leschnikoff, Harry Frohman, Robert Biberti und Erwin Bootz.<\/ul>\n<ul><strong>5.9.1998: Wochenend und Sonnenschein<\/strong><br \/>\nMDR, Gespr\u00e4ch zwischen Prof. Dr. Peter Czada und Dr. Jens-Uwe V\u00f6lmecke<\/ul>\n<ul><strong>6.9.1998: Ich war ein Comedian Harmonist<\/strong><br \/>\nMDR, Interview mit Roman Cycowski<\/ul>\n<ul><strong>16.03.1999: Subversity \u2013 a progressive public affairs program<\/strong><br \/>\nKUCI Irvine\/Kalifornien, Interview mit Marc Alexander, Enkel von Erich A. Collin, Mod.: Daniel C. Tsang.<br \/>\nWeitere Informationen: <a title=\"Subversity Audio Archive\" href=\"http:\/\/kuci.org\/~dtsang\/subversity\/realaudio.htm\" target=\"_blank\" rel=\"noopener\">&rarr; <span style=\"text-decoration: underline;\">Link<\/span><\/a><\/ul>\n<ul><a name=\"HORTIG\"><\/a><strong>26.10.2003: Rudolf Mayreder und die Comedy Harmonists<\/strong><br \/>\nORF Radio Steiermark (\u00d6sterreich), Interview mit Michael Hortig (Biograf von Rudolf Mayreder und Hans Rexeis)<\/ul>\n<ul><strong>??.??.2004: Mein Leben mit den Comedian Harmonists<\/strong><br \/>\nWDR5, mit Alexandra Kassen, zweite Ehefrau von Fred Kassen.<\/ul>\n<ul><strong>26.12.2004: \u201eThis is Harry Frohman speaking&#8230;\u201c &#8211; Die letzten Jahre des Comedian Harmonist Harry Frommermann<\/strong><br \/>\nRadio-Feature von Michael Augustin und Walter Weber im Deutschlandfunk, Sprecher: Ulrich Noethen.<br \/>\nUnter anderem sind hier erstmals Auszuge aus den Tonbandaufnahmen von Harry Frommermann zu h\u00f6ren.<br \/>\nWeitere Informationen: <a title=\"Spiegel.de\" href=\"http:\/\/www.spiegel.de\/spiegel\/print\/d-38998484.html\" target=\"_blank\" rel=\"noopener\">&rarr; <span style=\"text-decoration: underline;\">Link<\/span><\/a> \/ Audio-CD: <a title=\"\" href=\"http:\/\/www.amazon.de\/Frohman-speaking-Die-Comedian-Harmonists-Frommermann\/dp\/3455304214\" target=\"_blank\" rel=\"noopener\">&rarr; <span style=\"text-decoration: underline;\">Amazon-Seite<\/span><\/a><\/ul>\n<ul><strong>??.??.2008: Bayerisches Feuilleton: Abgesang &#8211; Die bayerische Konzertdirektion Gensberger und die Comedian Harmonists<\/strong><br \/>\nBayern II, von Tom Fleckenstein, Interviews mit Hanne Gensberger und mit ihrer Enkelin Barbara Ackl.<br \/>\nWeitere Informationen: <a title=\"BR Podcast\" href=\"http:\/\/www.br.de\/mediathek\/podcast\/bayerisches-feuilleton\/abgesang-die-bayerische-konzertdirektion-gensberger-und-die-comedian-harmonists\/44365\" target=\"_blank\" rel=\"noopener\">&rarr; <span style=\"text-decoration: underline;\">Link<\/span><\/a><\/ul>\n<ul><strong>21.2.2010: Die Comedian Harmonists &#8211; Eine Hommage an die erste Boygroup der Welt<\/strong><br \/>\nEine Hommage von David Rother im Rahmen der Sendereihe \u201eStreng \u00f6ffentlich!\u201c auf WDR 5.<br \/>\nWeitere Informationen: <a title=\"www.phonostar.de\" href=\"http:\/\/www.phonostar.de\/radio\/eine-hommage-an-die-erste-boygroup-der-welt\/v\/40572\/2010-02-21\" target=\"_blank\" rel=\"noopener\">&rarr; <span style=\"text-decoration: underline;\">Link<\/span><\/a><\/ul>\n<ul><strong>8.3.2014: Abgesang &#8211; Karl Gensberger und die Comedian Harmonists<\/strong><br \/>\nBayrischer Rundfunk, Sendung \u00fcber die Comedian Harmonists, u.a. mit Ausz\u00fcgen aus fr\u00fcheren Interviews mit Robert Biberti (Wiederholung von 2008).<\/ul>\n<p>&nbsp;<\/p>\n<hr align=\"center\" size=\"2\" width=\"100%\" \/>\n<h3><a name=\"TV\"><\/a>Fernsehsendungen<\/h3>\n<ul><strong>23.12.1959: Die sechs vom Gro\u00dfen Schauspielhaus &#8211; Erinnerungen an die ber\u00fchmten Comedian Harmonists<\/strong><br \/>\nDeutscher Fernsehfunk Berlin-Adlershof, szenisches Spiel unter Verwendung von Original-Plattenaufnahmen. Regie: Wolfgang E. Struck.<br \/>\nMit Gerry Wolff, Fred D\u00fcren u.a.<br \/>\nWiederholung am 7.1.1960.<\/ul>\n<ul><strong>??.12.1964: Nightcap<\/strong><br \/>\nKanadisches Fernsehen, Erwin Bootz spielt als Gast der Sendung musikalische Variationen von \u201eNever on Sunday\u201c.<\/ul>\n<ul><strong>29.12.1973: Kleiner Mann, was nun?<\/strong><br \/>\nFernsehsendung einer gek\u00fcrzten Fassung der vierst\u00fcndigen Revue im Theater Bochum, Regie: Peter Zadek.<br \/>\nMit Hannelore Hoger, Rosel Zech, Hans Mahnke u.a.<br \/>\nMusik: Erwin Bootz und Peer Raben.<\/ul>\n<ul><strong>20.4.1974: Unterhaltung am Wochenende<\/strong><br \/>\nWDR, Studio K\u00f6ln, mit Ingo Insterburg und Robert Biberti.<\/ul>\n<ul><strong>18.11.1975: Filmemigration<\/strong><br \/>\nDokumentarfilmreihe des WDR (insgesamt 5 Teile, 287 min.), Regie: G\u00fcnter Peter Straschek.<br \/>\nMit Lotte H. Eisner, Heinrich Fraenkel, Franz Marischka, Camilla Spira, Lucie Mannheim u.a.<br \/>\nInterview mit Robert Biberti f\u00fcr diese Produktion im Mai 1974, seine Mitwirkung in der fertigen Fassung ist bislang nicht nachgewiesen.<\/ul>\n<ul><strong>um 1975:<\/strong><br \/>\nAuftritt von Ari Leschnikoff in einer Unterhaltungssendung des bulgarischen Fernsehens.<\/ul>\n<ul><strong>um 1975: Memories in Rhythm (41. Ausgabe)<\/strong><br \/>\nNDR(?), Mitwirkung von Robert Biberti.<\/ul>\n<ul><strong>18.12.1976 &#038; 20.12.1976: Eberhard Fechner &#8211; Die Comedian Harmonists: Sechs Lebensl\u00e4ufe<\/strong><br \/>\nNDR.<\/ul>\n<ul><strong>22.9.1978:<\/strong><br \/>\nNDR, Talkshow, u.a. mit Robert Biberti.<\/ul>\n<ul><strong>6.11.1978: Berliner Fenster (Folge \u201eNollendorfplatz \u2013 Trubel, Tradition und Tr\u00f6del\u201c)<\/strong><br \/>\nSender Freies Berlin, Interview mit Robert Biberti und Erwin Bootz. Einziger bekannter gemeinsamer Fernsehauftritt. Bootz spielt ein Lied aus der Nachkriegszeit, seine Variationen von \u201eNever on Sunday\u201c und die von ihm komponierte Titelmelodie \u201eKleiner Mann, was nun?\u201c.<\/ul>\n<ul><strong>1.-3.5.1980:<\/strong><br \/>\nAuftritt von Erwin Bootz im Er\u00f6ffnungsprogramm \u201eVon Balkonien bis Feuerland\u201c des (alten) Tempodroms am Potsdamer Platz in Berlin, ein Teil der Aufzeichnung der Premiere war in der Fernsehsendung \u201eIrene Moessinger und das Tempodrom Berlin\u201c von 1980 zu sehen, u. a. Bootz mit \u201eMein kleiner gr\u00fcner Kaktus\u201c und der Strophe von \u201eHeut fahr\u2019 ich mit Dir in die Natur\u201c sowie mit Variationen zu \u201eEin Schiff wird kommen\u201c (\u201eNever on Sunday\u201c).<\/ul>\n<ul><strong>19.1.1981: Unbekannte Bekannte<\/strong><br \/>\nSchweizer Fernsehen, u.a. mit dem  Trio Eugster, Interview mit Robert Biberti.<br \/>\nAufzeichnung in Z\u00fcrich am 13.\/14.01.1981.<br \/>\n<a title=\"Unbekannte Bekannte\" href=\"http:\/\/www.youtube.com\/watch?app=desktop&#038;v=xB1_RzB98bA\" target=\"_blank\" rel=\"noopener\">&rarr; <span style=\"text-decoration: underline;\">YouTube-Link<\/span><\/a><\/ul>\n<\/ul>\n<ul><strong>13.9.1981: Kinder, wie die Zeit vergeht! Der Berliner Friedrichstadtpalast<\/strong><br \/>\nSFB, Prod. Hendrik Bussiek und J\u00f6rg Haffkemeier; mehrere Einspielungen mit Erwin Bootz als Zeitzeuge des ehemaligen \u201eGro\u00dfen Schauspielhauses\u201c, im Interview, am Klavier mit einer Melodie aus \u201eCasanova\u201c und mit seiner Komposition \u201eKleiner Mann, was nun?\u201c sowie mit Ausz\u00fcgen aus einem Nachkriegsprogramm; ferner wirken mit: Walter Mehring, Paul H\u00f6rbiger, Wolfgang Staudte, Juliette Greco, u. a.<br \/>\n<a title=\"Kinder, wie die Zeit vergeht! Der Berliner Friedrichstadtpalast\" href=\"http:\/\/www.youtube.com\/watch?app=desktop&#038;v=04e8i2w2vjw\" target=\"_blank\" rel=\"noopener\">&rarr; <span style=\"text-decoration: underline;\">YouTube-Link<\/span><\/a><\/ul>\n<ul><strong>12.12.1983: Haus Vaterland &#8211; Eine sehr deutsche Revue &#8211; Folge 1: Eine kleine Sehnsucht<\/strong><br \/>\n<strong>2.1.1984: Haus Vaterland &#8211; Eine sehr deutsche Revue &#8211; Folge 2: Wenn ich mir was w\u00fcnschen d\u00fcrfte<\/strong><br \/>\n<strong>6.2.1984: Haus Vaterland &#8211; Eine sehr deutsche Revue &#8211; Folge 3: Tag und Nacht<\/strong><br \/>\nNDR-Fernsehen, 30-min\u00fctige Sendung von Horst K\u00f6nigstein.<br \/>\nU. a. mit den Geschwistern Humpe und Robert Biberti, Blandine Ebinger, Trude Possehl, Grete Mosheim, Ilse Werner, Christina S\u00f6derbaum, Curt Bois und Carl Raddatz.<br \/>\nEine Gesangsszene Biberti mit \u201eDie Liebe kommt, die Liebe geht\u201c, vier Interviewszenen, u.a. zu \u201eTout le jour, toute la nuit\u201c, zur Amerika-Reise mit \u201eLebe wohl, gute Reise\u201c sowie zum endg\u00fcltigen Verbot 1941. Wiederholung u.a. 1984, 2000.<br \/>\nAusschnitte aus dieser Sendung wurden sp\u00e4ter unter dem Titel \u201eEine kleine Sehnsucht &#8211; Die sch\u00f6nsten Lieder und Chansons der 20er, 30er und 40er Jahre\u201c (ein Zusammenschnitt aus verschiedenen Produktionen von Horst K\u00f6nigstein) ausgestrahlt.<\/ul>\n<ul><strong>9.4.1984: Gesucht &#8211; gefunden<\/strong><br \/>\nWDR-Fernsehen, Sendung aus Leverkusen mit Sonja Kurowsky und Reinhard M\u00fcnchenhagen.<br \/>\nGezeigt wurden u.a. Filme aus dem Besitz von Robert Biberti.<\/ul>\n<ul><strong>7.9.1984: III nach 9<\/strong><br \/>\nNDR Fernsehen, Talkshow mit Robert Biberti, dem Jazz-Musiker Jack Dupree, Gitte Haenning, Horst Jankowski, Will Quadflieg, dem Dirigenten Peter Schneider, Franz-Ferdinand Prinz von Preu\u00dfen, Dr. Manfred K\u00f6hnlechner, \u201eNeue-Heimat\u201c-Chef Diether Hoffmann; Moderation: Alida Gundlach.<\/p>\n<p><em>\u201eAndere Zeitgenossen kommen dagegen nicht so gut weg. So etwa Dr. Manfred K\u00f6hnlechner. Unter dem st\u00fcrmischen Beifall des Publikums einer Hamburger Talkshow musste dieser erkennen, da\u00df der ehemalige Meisters\u00e4nger auch h\u00e4rtere, ungewohnte T\u00f6ne anschlagen kann. Wer wagt es schon, dem \u201ePapst der Heilpraktiker\u201c in aller \u00d6ffentlichkeit ein \u201eGesch\u00e4ft mit der Angst vor Krebs\u201c vorzuwerfen. <code>\u2026<\/code> Ein Wunsch liegt ihm aber dennoch besonders am Herzen: Er will sich mit Roman Cykowski, einem der drei emigrierten Harmonisten an dessen Wohnsitz in Palm Springs treffen. \u201eWir sind die beiden einzigen noch Lebenden unseres damaligen Sextetts. Ich freue mich wie ein kleines Kind darauf, ihn in die Arme schlie\u00dfen zu k\u00f6nnen.\u201c\u201c<\/em> (Presseagentur B\u00e4rendienst)<\/ul>\n<ul><strong>31.12.1984: Ein Berliner Leben: Robert Biberti, Bassist der Comedian Harmonists<\/strong><br \/>\nHessischer Rundfunk (siehe auch Czada, S. 197), Dokumentation \u00fcber Robert Biberti, Regie: Christoph Sommerkorn.<br \/>\n(offenbar letzte Aufnahmen mit Biberti vor seinem Tod).<\/ul>\n<ul><strong>??.??.1995: Hold me \u2013 love me. Irene Moessinger und das Tempodrom<\/strong><br \/>\nSFB, Dokumentation von Gerd Conradt, mit Eisi Gulp, Gianna Nanini, Erwin Bootz u.a.<br \/>\nErwin Bootz singt und spielt in einem kurzen Ausschnitt von 1980 \u201eHeut\u2019 fahr\u2019 ich mit dir in die Natur\u201c und kommentiert kurz die Organisation des Tempodroms;<\/ul>\n<ul><strong>2008: \u201eMaking of\u201c zum Vilsmaier-Film<\/strong><br \/>\n(Perathon Film- und Fernseh-GmbH), Interview mit Roman Cycowski; mit Heino Ferch.<\/ul>\n<ul><strong>29.2.2008: Riverboat<\/strong><br \/>\nMDR-Fernsehen, Talkshow, u.a. mit Ilse Biberti \u00fcber ihren \u201eZiehvater\u201c Robert Biberti.<\/ul>\n<ul><strong>31.8.2023: Berliner Abendschau<\/strong><br \/>\nrbb Berlin, Beitrag \u00fcber die Verlegung von Stolpersteinen vor den letzten Wohnh\u00e4usern der vertriebenen Mitglieder der Comedian Harmonists in Berlin (Harry und Erna Frommermann: Paulsborner Str. 20, Roman und Mary Cycowski: Xantener Str. 14, und Erich, Fernande und Suzanne Collin: Landhausstra\u00dfe 42)<\/ul>\n<p>&nbsp;<\/p>\n<hr align=\"center\" size=\"2\" width=\"100%\" \/>\n<h3><a name=\"THEATER\"><\/a>Theater<\/h3>\n<ul><strong>7.10.-30.11.1997: Harmony<\/strong><br \/>\nMusical von Barry Manilow (Musik) und Bruce Sussman (Text) \u00fcber die Comedian Harmonists im La Jolla Playhouse in San Diego, Regie: David Warren.<br \/>\nDie Geschichte wird fiktiv von Roman Cycowski erz\u00e4hlt, den Manilow daf\u00fcr zuvor interviewte.<br \/>\nDarsteller: Danny Burstein (Roman Cycowski), Mark Chmiel (Ari Leschnikoff), James Clow (Robert Biberti), Steven Goldstein (Erich Collin), Thom Christopher Warren (Harry Frommermann) und Patrick Wilson (Erwin Bootz).<br \/>\nWegen des Erfolgs wurde die Auff\u00fchrung um eine Woche verl\u00e4ngert. Weitere geplante Auff\u00fchrungen, u. a. ab Dezember 2003 in Philadelphia und 2004 am Broadway in New York, kamen wegen finanzieller  Schwierigkeiten nicht zustande. Nach einem Rechtsstreit um die Auff\u00fchrungsrechte mit dem Produzenten Mark Schwartz erfolgten weitere Auff\u00fchrungen im September 2013 am Alliance Theatre in Atlanta und im M\u00e4rz\/April 2014 am Ahmanson Theatre in Los Angeles.<br \/>\nDarsteller 2014: Will Blum (Ari Leschnikoff), Chris Dwan (Erich Collin), Shayne Kennon (Roman Cycowski), Will Tayler (Erwin Bootz), Douglas Williams (Robert Biberti) und Tony Yazbeck (Harry Frommermann).<\/ul>\n<ul><strong>19.12.1997: Veronika, der Lenz ist da &#8211; Die Comedian Harmonists. Ihr Leben. Ihr Traum. Ihre Lieder.<\/strong><br \/>\nB\u00fchnenst\u00fcck \u00fcber die Geschichte der Comedian Harmonists von 1927 bis 1935 von Franz Wittenbrink (Musik) und Gottfried Greiffenhagen (Text), Regie: Martin Woelffer.<br \/>\nDarsteller: Holger Off (1. Tenor), Marko Woytowicz (2. Tenor), Olaf Drauschke (1. Bariton), G\u00fcnter Barton\/Philipp Seibert (2. Bariton), Tilmann F. R\u00f6nnebeck (Bass), Horst Maria Merz (Piano) sowie Karl E. Horbol (als Bruno Levy u. a.).<br \/>\nPremiere im Theater am Kurf\u00fcrstendamm, Berlin.<br \/>\nDas Ensemble ist \u2013 nach mehreren Deutschland-Tourneen \u2013 in wechselnder Besetzung als <strong><a href=\"http:\/\/www.berlincomedianharmonists.de\/\" title=\"Berlin Comedian Harmonists\" target=\"_blank\" rel=\"noopener\">\u201eBerlin Comedian Harmonists\u201c<\/a><\/strong> im In- und Ausland mit eigenen Programmen erfolgreich, die \u00fcber das Repertoire der Comedian Harmonists hinausgehen.<br \/>\nDas St\u00fcck wurde in zahlreichen Theatern Deutschlands \u00fcbernommen.<\/ul>\n<ul><strong>19.2.1999: Band in Berlin<\/strong><br \/>\nSzenisches Multimedia-Spiel \u00fcber die Comedian Harmonists im Helen Hayes Theatre am Broadway, New York. Buch und Regie: Suzanne Feldman und Patricia Birch. Suzanne Feldmann interviewte daf\u00fcr Fernande Currie und Suzanne Collin. Es singt die Gruppe <strong><a href=\"http:\/\/www.hudsonshad.net\/\" title=\"Hudson Shad\" target=\"_blank\" rel=\"noopener\">Hudson Shad<\/a><\/strong>, musikalische Leitung: Wilbur Pauley.<br \/>\nS\u00e4nger\/Darsteller: Peter Becker (Roman Cycowski), Mark Bleeke (Ari Leschnikoff), Timothy Leigh Evans (Erich Collin), Hugo Munday (Harry Frommermann), Wilbur Pauley (Robert Biberti) und Robert Wolinsky (Erwin Bootz) sowie Herbert Rubens als Hintergrundsprecher Roman Cycowski.<br \/>\nPremiere am 7. M\u00e4rz 1999.<br \/>\nAus dem Begleitheft: \u201eDedicated to Roman Cycowski, January 24, 1901 \u2013 November 9, 1998.\u201c \u2026 \u201eSpecial Thanks: \u2026 Roman and Mary Cycowski, Fernande Collin Currie, Suzanne Collin, Deborah Tint, Marc Alexander and family, \u2026\u201c.<br \/>\nMangels Publikumsinteresse wurde das St\u00fcck nach nur 36 Vorstellungen am 21. M\u00e4rz abgesetzt.<\/ul>\n<ul><strong>18.2.2005: Jetzt oder nie &#8211;  Die Comedian Harmonists Teil 2<\/strong><br \/>\nB\u00fchnenst\u00fcck \u00fcber die Geschichte der Comedy Harmonists und des Meistersextett von 1935 bis 1941 von J\u00f6rg Daniel Heinzmann (Musik) und Gottfried Greiffenhagen (Text).<br \/>\nRegie: Martin Woelffer.<br \/>\nBesetzung: Thorsten Hennig (Ari Leschnikoff), Friedemann Hecht (Erich Collin), Thomas Winter (Harry Frommermann),  Alexander Franzen (Roman Cycowski), Johannes Schw\u00e4rsky (Robert Biberti), J\u00f6rg Daniel Heinzmann (Erwin Bootz).<br \/>\nPremiere in der Kom\u00f6die Dresden.<br \/>\nDas Ensemble tritt seitdem als <strong><a href=\"http:\/\/www.comedian-harmonists-today.de\" title=\"Comedian Harmonists Today\" target=\"_blank\" rel=\"noopener\">\u201eComedian Harmonists Today\u201c<\/a><\/strong> in weiteren B\u00fchnenst\u00fccken und Konzertprogrammen auf.<\/ul>\n<ul><strong>13.11.2023: Harmony \u2013 A New Musical<\/strong><br \/>\nMusical von Barry Manilow (Musik) und Bruce Sussmann (Text und Buch).<br \/>\nPremiere am Ethel Barrymore Theatre, New York (geplant bis September 2024)<\/ul>\n<p>&nbsp;<\/p>\n<hr align=\"center\" size=\"2\" width=\"100%\" \/>\n<h3><a name=\"KINO\"><\/a>Kinofilm<\/h3>\n<ul><strong>17.12.1997: Kinofilm \u201eComedian Harmonists\u201c von Joseph Vilsmaier<\/strong><br \/>\n(Perathon Film- und Fernseh-GmbH, M\u00fcnchen; Bavaria Film GmbH, M\u00fcnchen; Iduna Film GmbH &#038; Co., Ismaning; Senator Film Produktion GmbH, Berlin; DOR Film Produktion GmbH, Wien).<br \/>\nDarsteller: Ulrich Noethen (Harry Frommermann), Ben Becker (Robert Biberti), Heinrich Schafmeister (Erich Collin), Kai Wiesinger (Erwin Bootz), Heino Ferch (Roman Cycowski), Max Tidof (Ari Leschnikoff), Meret Becker (Erna Eggstein), Katja Riemann (Mary Cycowski), Dana Vavrova (Ursula Bootz), Trude Ackermann (Emilie Biberti), Otto Sander (Bruno Levy), G\u00fcnter Lamprecht (Eric Charell).<br \/>\nPremiere im Zoo-Palast Berlin.<br \/>\nEnglische Version mit Untertiteln: \u201eThe Harmonists\u201c, USA 1999.<\/ul>\n<p>&nbsp;<\/p>\n","protected":false},"excerpt":{"rendered":"<p>von Broody &#038; Josef Westner &nbsp; &rarr; Radiosendungen (nach 1945) &rarr; Fernsehsendungen (nach 1945) &rarr; Theaterst\u00fccke, Musicals &rarr; Kinofilm Radiosendungen ??.6.1949: Bunte Stunde SDR Stuttgart, Erwin Bootz singt und kommentiert&hellip; <\/p>\n","protected":false},"author":1,"featured_media":0,"parent":15,"menu_order":6,"comment_status":"closed","ping_status":"closed","template":"","meta":{"footnotes":""},"class_list":["post-28","page","type-page","status-publish","hentry"],"_links":{"self":[{"href":"http:\/\/www.comedian-harmonists.net\/index.php?rest_route=\/wp\/v2\/pages\/28","targetHints":{"allow":["GET"]}}],"collection":[{"href":"http:\/\/www.comedian-harmonists.net\/index.php?rest_route=\/wp\/v2\/pages"}],"about":[{"href":"http:\/\/www.comedian-harmonists.net\/index.php?rest_route=\/wp\/v2\/types\/page"}],"author":[{"embeddable":true,"href":"http:\/\/www.comedian-harmonists.net\/index.php?rest_route=\/wp\/v2\/users\/1"}],"replies":[{"embeddable":true,"href":"http:\/\/www.comedian-harmonists.net\/index.php?rest_route=%2Fwp%2Fv2%2Fcomments&post=28"}],"version-history":[{"count":83,"href":"http:\/\/www.comedian-harmonists.net\/index.php?rest_route=\/wp\/v2\/pages\/28\/revisions"}],"predecessor-version":[{"id":2482,"href":"http:\/\/www.comedian-harmonists.net\/index.php?rest_route=\/wp\/v2\/pages\/28\/revisions\/2482"}],"up":[{"embeddable":true,"href":"http:\/\/www.comedian-harmonists.net\/index.php?rest_route=\/wp\/v2\/pages\/15"}],"wp:attachment":[{"href":"http:\/\/www.comedian-harmonists.net\/index.php?rest_route=%2Fwp%2Fv2%2Fmedia&parent=28"}],"curies":[{"name":"wp","href":"https:\/\/api.w.org\/{rel}","templated":true}]}}