{"id":1475,"date":"2015-12-25T15:14:59","date_gmt":"2015-12-25T13:14:59","guid":{"rendered":"http:\/\/www.comedian-harmonists.net\/?page_id=1475"},"modified":"2021-11-08T18:00:20","modified_gmt":"2021-11-08T16:00:20","slug":"amerik-gruppe","status":"publish","type":"page","link":"https:\/\/www.comedian-harmonists.net\/?page_id=1475","title":{"rendered":"+ Amerikan. Gruppe"},"content":{"rendered":"<p><strong>von Broody<\/strong><br \/>\n&nbsp;<\/p>\n<table width=\"100%\" cellspacing=\"0\" cellpadding=\"5\" border=\"0\">\n<tbody>\n<tr>\n<td width=\"50%\">\n<ul>\n\u2192 <a href=\"#ATKINS\"><strong>Arthur Atkins<\/strong><\/a><br \/>\n\u2192 <a href=\"#BIXLER\"><strong>Fred Bixler<\/strong><\/a><br \/>\n\u2192 <a href=\"#CATHCART\"><strong>Jack Cathcart<\/strong><\/a><br \/>\n\u2192 <a href=\"#COLLIN\"><strong>Eric A. Collin<\/strong><\/a><\/ul>\n<\/td>\n<td width=\"50%\">\n<ul>\n\u2192 <a href=\"#FROHMAN\"><strong>Harry M. Frohman<\/strong><\/a><br \/>\n\u2192 <a href=\"#POLLACK\"><strong>Murray Pollack<\/strong><\/a><br \/>\n\u2192 <a href=\"#SHUTEROFF\"><strong>Nicholas Shuteroff<\/strong><\/a><\/ul>\n<\/td>\n<\/tr>\n<\/tbody>\n<\/table>\n<hr width=\"100%\" size=\"2\" align=\"center\">\n<h5>\n<p style=\"text-align: center;\"><a name=\"ATKINS\"><\/a>Arthur C. ATKINS<\/p>\n<\/h5>\n<p>&nbsp;<br \/>\n<b>* 15.12.1912 in Asbury Park\/New Jersey<br \/>\n\u2020 20.6.1972 in Los Angeles<\/b><br \/>\n&nbsp;<br \/>\nArthur Atkins studierte nach einem zweij\u00e4hrigen College-Aufenthalt Musik an der Julliard School in New York und an der Rutgers University von New Jersey. Etwa ab 1935 war er als Theaters\u00e4nger in New York engagiert, sang dort Hauptrollen als Bass und trat auch in Radio-Shows auf. Er war kurzzeitig verheiratet und wurde im Mai 1942 zur US Army eingezogen. Hier trat er in Irving Berlins Show \u201eThis is the Army\u201c auf. Nach der Entlassung im November 1945 lebte er in Los Angeles und war Operns\u00e4nger beim American Opera Lab.<br \/>\nAb 1947 war Arthur Atkins Bassist der amerikanischen Gruppe Comedian Harmonists, die Erich Collin gegr\u00fcndet hatte. Mit ihr tourte er durch Kaliforniern und 1948\/49 durch Europa, wo er sich auch um organisatorische Angelegenheiten des Ensembles k\u00fcmmerte. \u00dcber sein k\u00fcnstlerisches Wirken nach dieser Zeit ist nichts bekannt.<br \/>\nZuletzt lebte Arthur Atkins in 2062 Cerco Alta Drive, Monterey Park, Kalifornien. Er starb am 20. Juni 1972 in Los Angeles.<br \/>\n&nbsp;<\/p>\n<hr width=\"100%\" size=\"2\" align=\"center\">\n<h5>\n<p style=\"text-align: center;\"><a name=\"BIXLER\"><\/a>Fred Leslie BIXLER<\/p>\n<\/h5>\n<p>&nbsp;<br \/>\n<b>* 20.4.1915 in Indiana<br \/>\n\u2020 21.10.1992 in Orange\/Kalifornien<\/b><br \/>\n&nbsp;<br \/>\nFred Bixler war der Sohn eines Eisenbahnangestellten aus Indiana und lebte mit seinen Eltern und drei \u00e4lteren Schwestern zun\u00e4chst in Colorado Springs, sp\u00e4ter in Denver\/Colorado. Nach der Schule besuchte er ab 1931 f\u00fcr ein Jahr die East High School in Denver und war dort Mitglied der Schulband (Saxophon) und des \u201eThe Boys Music Club\u201c. Danach war er als ungelernter Angestellter einer Garage besch\u00e4ftigt, wo er Autos reparierte. Im September 1937 heiratete er in Denver seine Frau Martha und lebte mit ihr in Littleton, Colorado. Sp\u00e4ter studierte er am City Conservatory of Denver Gesang und war als Tenor Mitglied der Central City Opera-Company von Colorado. Im Dezember 1942 wurde er zur US Army eingezogen. Nach dem Krieg war Bixler Mitglied des American Opera Lab in Los Angeles, wo er unter anderem den Don Giovanni spielte.<br \/>\nEtwa ab Ende 1947 war Fred Bixler erster Tenor der von Erich Collin gegr\u00fcndeten amerikanischen Comedian Harmonists, die mit dem Programm \u201eFrom Classics to Jazz\u201c in Kalifornien auftraten und 1948-49 eine Europa-Tournee absolvierten, bevor sich die Gruppe im Fr\u00fchjahr 1949 in Italien aufl\u00f6ste.<br \/>\nFred Bixler geh\u00f6rte Anfang der 1950er Jahre zur Gruppe \u201eJack Cathcart\u2019s Continentals\u201c. F\u00fcr den Versuch Collins im Jahr 1954, erneut eine Gruppe im Stil der Comedian Harmonists zu gr\u00fcnden, war Fred Bixler wieder als erster Tenor vorgesehen. \u00dcber seine weitere k\u00fcnstlerische Laufbahn ist nichts bekannt.<br \/>\nSein letzter Wohnort war 92651 Laguna Beach, Orange\/Kalifornien, wo er am 21. Oktober 1992 starb.<br \/>\n&nbsp;<\/p>\n<hr width=\"100%\" size=\"2\" align=\"center\">\n<h5>\n<p style=\"text-align: center;\"><a name=\"CATHCART\"><\/a>John Wylie \u201e<span style=\"text-decoration: underline;\">Jack<\/span>\u201c CATHCART<\/p>\n<\/h5>\n<p>&nbsp;<br \/>\n<b>* 3.11.1912 in Michigan City\/Indiana<br \/>\n\u2020 24.12.1989 in Las Vegas<\/b><br \/>\n&nbsp;<br \/>\nJack Cathcart lebte zun\u00e4chst mit seinen Eltern und drei j\u00fcngeren Br\u00fcdern in verschiedenen St\u00e4dten in Indiana. Er verbrachte 3 Jahre auf dem College und studierte dann an der Indiana University in Bloomington sowie in Chicago. Danach spielte er Trompete bei der Artie Shaw Band, arrangierte Titel f\u00fcr die Orchester von David Rose, Alvino Rey und Kay Kyser, f\u00fcr Perry Como und die \u201eChesterfield Show\u201c, er war Korrepetitor bei der American Opera Company und den M.G.M.-Filmstudios in Los Angeles. Im M\u00e4rz 1941 wurde der unverheiratete Jack Cathcart zur US Army eingezogen. Er diente in Camp Roberts und war dort Mitglied, ab 1943 Leiter einer 30-k\u00f6pfigen Band. Am 16. September 1941 heiratete Jack Cathcart in Los Angeles Mary Jane Gumm. Sie war in den 20er und 30er Jahren eine der \u201eGumm Sisters\u201c. Mary Jane (\u201eSuzy\u201c, sp\u00e4ter \u201eSue\u201c), Dorothy Virginia (\u201eJimmie\u201c) und Frances Ethel Gumm traten ab 1934 auch als \u201eGarland Sisters\u201c auf, Frances Gumm wurde als Judy Garland eine bekannte S\u00e4ngerin und Filmschauspielerin. Ihre 1946 geborene Tochter Liza Minelli war Jack Cathcarts Nichte.<br \/>\nAb 1947 war Jack Cathcart Pianist der von Erich Collin gegr\u00fcndeten amerikanischen Gruppe Comedian Harmonists und begleitete das Ensemble bis zu dessen Aufl\u00f6sung im Fr\u00fchjahr 1949. 1950 gr\u00fcndete er eine eigene Gruppe \u201eJack Cathcart\u2019s Continentals\u201c, zu der au\u00dfer ihm die Ten\u00f6re Fred Bixler (vormals bei den amerikanischen Comedian Harmonists), Ben Thomas Cruz und Bob Carson, der Bariton Jay Moffet und der Bass Ed Millard geh\u00f6rten. Mit der Gruppe trat er etwa drei Jahre lang auf, unter anderem im Waldorf Astoria Hotel in New York. Von einer Fernsehsendung vom Juni 1952 ist eine Filmaufnahme mit dem \u201eS\u00e4beltanz\u201c (sabre dance) von Aram Chatchaturjan erhalten. Seit diesem Jahr war Jack Cathcart musikalischer Manager seiner Schw\u00e4gerin Judy Garland.<br \/>\nJack Cathcart lebte mit seiner Frau Sue in Santa Monica. 1954 war er Arrangeur f\u00fcr den Film \u201eA Star Is Born\u201c mit Judy Garland. Mit einem eigenen Orchester trat er im M\u00e4rz 1954 bei der National Orange Show in San Bernardino auf. Bei einer Plattenaufnahme ihres Titels \u201eOver the Rainbow\u201c mit Judy Garland im August 1955 dirigierte Jack Cathcart das Orchester. Auch weitere Aufnahmen mit einem \u201eOrchestra Jack Cathcart\u201c sind bekannt. 1956 war er Leiter des State Fair Orchestra, 1957 begleitete Cathcart mit seinem Orchester erneut Judy Garland, f\u00fcr die er sich 1958 als Show-Produzent im Flamingo-Hotel von Las Vegas bet\u00e4tigte. 1959 leitete er das Orchester bei der Plattenaufnahme \u201eThe Headshrinker\u201c mit Arthur Ellen. Von 1959 bis 1972 dirigierte Jack Cathcart das Orchester im Riviera Hotel in Las Vegas und begleitete dort Auftritte von Judy Garland, Jerry Lewis, Eddi Fisher und anderen namhaften K\u00fcnstlern. Nach einer 22-j\u00e4hrigen, kinderlosen Ehe lie\u00dfen sich Jack und Sue Cathcart im Februar 1963 scheiden. Sue lebte danach mit ihrer Schwester Virginia Thompson in Dallas und starb im Mai 1964. Judy Garland starb im Juni 1969. Aus Cathcarts zweiter Ehe mit Barbara Cathcart gingen zwei Kinder hervor. Jack Cathcart lebte zuletzt in 2309 Santa Rosa Drive in Las Vegas\/Nevada und starb dort am 24. Dezember 1989.<br \/>\nSeine Br\u00fcder Charles Richard \u201eDick\u201c (Trompete), James Edward \u201eJimmy\u201c (Geige, Gitarre) und Thomas Matthew i(Schlagzeug) waren ebenfalls Berufsmusiker.<br \/>\n&nbsp;<\/p>\n<hr width=\"100%\" size=\"2\" align=\"center\">\n<h5>\n<p style=\"text-align: center;\"><a name=\"COLLIN\"><\/a>Eric A. COLLIN<\/p>\n<\/h5>\n<p>&nbsp;<br \/>\n(eigentl. \u2192 <a href=\"http:\/\/www.comedian-harmonists.net\/?page_id=491\"><strong>Erich Collin<\/strong><\/a>)<br \/>\nGr\u00fcnder der Gruppe, Mitwirkung als Bariton.<br \/>\n&nbsp;<\/p>\n<hr width=\"100%\" size=\"2\" align=\"center\">\n<h5>\n<p style=\"text-align: center;\"><a name=\"FROHMAN\"><\/a>Harry M. FROHMAN<\/p>\n<\/h5>\n<p>&nbsp;<br \/>\n(eigentl. \u2192 <a href=\"http:\/\/www.comedian-harmonists.net\/?page_id=275\"><strong>Max Harry Frommermann<\/strong><\/a>)<br \/>\nMitwirkung ab Oktober 1948 als Tenor-Buffo f\u00fcr den verstorbenen Bariton Shuteroff (eigtl. Shutorev).<br \/>\n&nbsp;<\/p>\n<hr width=\"100%\" size=\"2\" align=\"center\">\n<h5>\n<p style=\"text-align: center;\"><a name=\"POLLACK\"><\/a>Murray B. POLLACK<\/p>\n<\/h5>\n<p>&nbsp;<br \/>\n<b>* 29.8.1918 in New York<br \/>\n\u2020 10.5.1979 in Los Angeles<\/b><br \/>\n&nbsp;<br \/>\nMurray Pollack war der Sohn von Charles und Anna Pollack aus New York. Sein Vater stammte aus Russland, seine in New York geborene Mutter hatte russische Vorfahren. Nach einem vierj\u00e4hrigen Besuch der High School und einer Ausbildung zum Verk\u00e4ufer studierte Murray Pollack in Los Angeles Gesang und trat als Tenor unter anderem in Radioprogrammen der M.B.C. auf. Im November 1941 zog man ihn zu US Army ein. Nach Kriegsende geh\u00f6rte er zum American Opera Lab und sang mit der American Opera Company unter anderem den Don Jos\u00e9.<br \/>\nIn der von Erich Collin 1947 gegr\u00fcndeten amerikanischen Gruppe Comedian Harmonists war er zweiter Tenor und absolvierte neben Auftritten in Kalifornien auch deren Europa-Tournee ab 1948 bis zur Aufl\u00f6sung der Gruppe im Fr\u00fchjahr 1949.<br \/>\nNach der R\u00fcckkehr in seine Heimat war Pollack weiter als S\u00e4nger und Schauspieler t\u00e4tig. Bekannt sind Auftritte in Filmen und Serien wie \u201eThe Doris Day Show\u201c (1968) , \u201eAirport\u201c (1970) und \u201eThe Great Waldo Pepper\u201c (1975). Als Eric Collin im Jahr 1954 erneut ein Gesangsensemble gr\u00fcnden wollte, sollte Murray Pollack wieder als zweiter Tenor oder aber als Bariton mitwirken. \u00dcber das weitere k\u00fcnstlerische Schaffen von Pollack ist bislang nichts bekannt. Sein letzter Wohnort war Los Angeles\/Kalifornien, hier starb er am 10. Mai 1979.<br \/>\n&nbsp;<\/p>\n<hr width=\"100%\" size=\"2\" align=\"center\">\n<h5>\n<p style=\"text-align: center;\"><a name=\"SHUTEROFF\"><\/a>Nicholas George SHUTEROFF<\/p>\n<\/h5>\n<p>&nbsp;<br \/>\n<b>* 30.12.1914 in San Francisco<br \/>\n\u2020 20.9.1948 Bergen (NO)<\/b><br \/>\n&nbsp;<br \/>\nNicholas Shuteroff, eigentlich Nicolai Georgiewitsch Shutorev [sic!], genannt \u201eNicky\u201c, war der Sohn russischer Einwanderer, die 1912 nach San Francisco kamen. Seine vier \u00e4lteren Geschwister waren noch in Russland geboren. Nach dem Schulbesuch arbeitete Shutorev zun\u00e4chst als B\u00fcroangestellter in San Francisco und heiratete seine zwei Jahre j\u00fcngere Frau Luby (eigentl. Ljuba), mit der er in Harrisburg\/Pennsylvania lebte. \u00dcber seine musikalische Ausbildung ist nichts bekannt. Offenbar hatte er Auftritte als Konzerts\u00e4nger in Kalifornien und auch kleinere Filmrollen in Hollywood. Im Dezember 1942 wurde Shutorev in Harrisburg zur US Army eingezogen. Hier trat er als Bariton bei verschiedenen Musikveranstaltungen auf und sang dabei auch russische Volkslieder und Titel von Schostakowitsch. Im Mai 1943 gab er einen Liederabend im Amtssitz des Gouverneurs zu Ehren der Richter des Obersten Gerichtes von Pennsylvania. Im Juni 1943 gewann der Private First Class Nicolai Shutorev unter 30 Teilnehmern einen Gesangswettbewerb. Der erste Preis war die Mitwirkung in der bekannten Radiosendung \u201eMajor Bowes\u201c in New York. Es folgten weitere Auftritte in musikalischen Kom\u00f6dien und Revuen, die die United Service Organization (USO) f\u00fcr das Milit\u00e4r organisierte. Au\u00dferdem sang Shutorev, 1944 zum Corporal avanciert, beim j\u00e4hrlichen Folk-Festival in Dauphin County.<br \/>\nAb Anfang 1945 hatte Nicolai Shutorev mehrere Auftritte im USO-Club von Camp Ritchie\/Maryland sowie im Park Drive USO-Club von Neosho\/Missouri. Mit den amerikanischen Truppen kam er auch nach Berlin und wirkte hier ebenfalls als S\u00e4nger in Kulturveranstaltungen f\u00fcr die US Army mit, unter anderem in der musikalischen Kom\u00f6die \u201eYou\u2019re on your way\u201c im Titania-Palast in Berlin im November 1945. Nach seiner Entlassung aus der Armee lebte Shutorev mit seiner Frau in Los Angeles, 2036 Griffith Park Boulevard. Er sang mit Kirchengruppen und in einem Chor in Hollywood, gab zunehmend solistische Programme und war auch im Radio zu h\u00f6ren.<br \/>\n1947 wurde Shutorev unter seinem K\u00fcnstlernamen Shuteroff erster Bariton der von Erich Collin gegr\u00fcndeten amerikanischen Comedian Harmonists, mit denen er in Kalifornien deb\u00fctierte und eine Europa-Tournee antrat. W\u00e4hrend der \u00dcberfahrt per Schiff von Finnland nach Norwegen im September 1948 erkrankte Shuteroff an akuten Magengeschw\u00fcren. Unmittelbar nach der Ankunft am 18. September wurde er in das Bethanien-Hospital in Bergen eingeliefert und am Folgetag operiert. Jedoch kam die Hilfe zu sp\u00e4t und er verstarb zwei Tage sp\u00e4ter im Krankenhaus im Alter von 33 Jahren.<br \/>\nErich Collin, der mit der Gruppe bereits weitergereist war, telegrafierte in seiner Not noch am selben Tag aus Oslo an Harry Frohman (Frommermann) und bat ihn, f\u00fcr den verstorbenen S\u00e4nger einzuspringen.<br \/>\nDie Eltern Shutorevs starben 1962 bzw. 1972, seine Witwe Luby Shutorev starb am 11. Februar 2011 in Los Angeles.<\/p>\n<p>&nbsp;<\/p>\n<hr width=\"100%\" size=\"2\" align=\"center\">\n<p style=\"text-align: center;\">Unter Verwendung von Nachl\u00e4ssen und <a href=\"http:\/\/www.comedian-harmonists.net\/?page_id=30\" title=\"Literatur\"><strong>publizierten Quellen<\/strong><\/a>.<\/p>\n<p>&nbsp;<\/p>\n","protected":false},"excerpt":{"rendered":"<p>von Broody &nbsp; \u2192 Arthur Atkins \u2192 Fred Bixler \u2192 Jack Cathcart \u2192 Eric A. Collin \u2192 Harry M. Frohman \u2192 Murray Pollack \u2192 Nicholas Shuteroff Arthur C. ATKINS &nbsp;&hellip; <\/p>\n","protected":false},"author":1,"featured_media":0,"parent":20,"menu_order":10,"comment_status":"closed","ping_status":"closed","template":"","meta":{"footnotes":""},"class_list":["post-1475","page","type-page","status-publish","hentry"],"_links":{"self":[{"href":"https:\/\/www.comedian-harmonists.net\/index.php?rest_route=\/wp\/v2\/pages\/1475","targetHints":{"allow":["GET"]}}],"collection":[{"href":"https:\/\/www.comedian-harmonists.net\/index.php?rest_route=\/wp\/v2\/pages"}],"about":[{"href":"https:\/\/www.comedian-harmonists.net\/index.php?rest_route=\/wp\/v2\/types\/page"}],"author":[{"embeddable":true,"href":"https:\/\/www.comedian-harmonists.net\/index.php?rest_route=\/wp\/v2\/users\/1"}],"replies":[{"embeddable":true,"href":"https:\/\/www.comedian-harmonists.net\/index.php?rest_route=%2Fwp%2Fv2%2Fcomments&post=1475"}],"version-history":[{"count":10,"href":"https:\/\/www.comedian-harmonists.net\/index.php?rest_route=\/wp\/v2\/pages\/1475\/revisions"}],"predecessor-version":[{"id":1872,"href":"https:\/\/www.comedian-harmonists.net\/index.php?rest_route=\/wp\/v2\/pages\/1475\/revisions\/1872"}],"up":[{"embeddable":true,"href":"https:\/\/www.comedian-harmonists.net\/index.php?rest_route=\/wp\/v2\/pages\/20"}],"wp:attachment":[{"href":"https:\/\/www.comedian-harmonists.net\/index.php?rest_route=%2Fwp%2Fv2%2Fmedia&parent=1475"}],"curies":[{"name":"wp","href":"https:\/\/api.w.org\/{rel}","templated":true}]}}