{"id":1507,"date":"2015-12-26T11:55:45","date_gmt":"2015-12-26T09:55:45","guid":{"rendered":"http:\/\/www.comedian-harmonists.net\/?page_id=1507"},"modified":"2015-12-26T11:56:54","modified_gmt":"2015-12-26T09:56:54","slug":"roemische-gruppe","status":"publish","type":"page","link":"https:\/\/www.comedian-harmonists.net\/?page_id=1507","title":{"rendered":"R\u00f6mische Gruppe"},"content":{"rendered":"<h3>Harry Frohman And His Harmonists (R\u00f6mische Gruppe)<br \/>\nChronologie<\/h3>\n<p><strong>von Broody<\/strong><br \/>\n&nbsp;<\/p>\n<h3 align=\"center\">1950<\/h3>\n<p><strong>M\u00e4rz<\/strong><\/p>\n<ul>\n<li>Nach seiner T\u00e4tigkeit beim italienischen Radiosender RAI in Rom stellt <span style=\"text-decoration: underline;\"><a href=\"http:\/\/www.comedian-harmonists.net\/?page_id=1475#FROHMAN\" title=\"Harry Frohman Biographie\"><strong>Harry Frohman<\/strong><\/a><\/span> dort eine Gruppe im Stil der Comedian Harmonists zusammen.<\/li>\n<li>Mitwirkende sind eine kanadische Sopranistin und f\u00fcnf Italiener: eine Altistin, ein Tenor, ein Bariton, ein Bass, und wenig sp\u00e4ter auch ein Pianist. Harry Frohman wirkt als k\u00fcnstlerischer Leiter und Buffo mit. Der Namenszusatz der Gruppe lautet \u201eSei voci e un piano\u201c (Sechs Stimmen und ein Klavier). Frohman schreibt \u00fcber 50 neue Partituren f\u00fcr das Ensemble.<\/li>\n<li>Die Gruppe absolviert 60 jeweils 15-min\u00fctige Radiosendungen.<\/li>\n<\/ul>\n<p>&nbsp;<\/p>\n<h3 align=\"center\">1951<\/h3>\n<p>&nbsp;<\/p>\n<ul>\n<li>Als erste Angebote von Konzertagenturen eingehen, stellt sich heraus, dass der ledigen Altistin, Signorina Girolami, von ihren Eltern nicht erlaubt wird, mit der Gruppe zu verreisen.<\/li>\n<li>Wegen der Querelen und wegen gesundheitlicher Probleme gibt Frohman die Gruppe auf und kehrt in die Schweiz und kurz darauf in die USA zur\u00fcck. Es war sein letzter Versuch, ein eigenes Ensemble aufzubauen oder an einer fremden Gruppe mitzuwirken. Er betreibt fortan nur noch solistische Versuche mit der Begr\u00fcndung, dass er nie mehr von anderen abh\u00e4ngig sein will.<\/li>\n<\/ul>\n<p>&nbsp;<\/p>\n<hr align=\"center\" size=\"2\" width=\"100%\">\n<p style=\"text-align: center;\">Unter Verwendung von Nachl\u00e4ssen und <a href=\"http:\/\/www.comedian-harmonists.net\/?page_id=30\" title=\"Literatur\"><strong>publizierten Quellen<\/strong><\/a>.<\/p>\n<p>&nbsp;<\/p>\n","protected":false},"excerpt":{"rendered":"<p>Harry Frohman And His Harmonists (R\u00f6mische Gruppe) Chronologie von Broody &nbsp; 1950 M\u00e4rz Nach seiner T\u00e4tigkeit beim italienischen Radiosender RAI in Rom stellt Harry Frohman dort eine Gruppe im Stil&hellip; <\/p>\n","protected":false},"author":1,"featured_media":0,"parent":18,"menu_order":5,"comment_status":"closed","ping_status":"closed","template":"","meta":{"footnotes":""},"class_list":["post-1507","page","type-page","status-publish","hentry"],"_links":{"self":[{"href":"https:\/\/www.comedian-harmonists.net\/index.php?rest_route=\/wp\/v2\/pages\/1507","targetHints":{"allow":["GET"]}}],"collection":[{"href":"https:\/\/www.comedian-harmonists.net\/index.php?rest_route=\/wp\/v2\/pages"}],"about":[{"href":"https:\/\/www.comedian-harmonists.net\/index.php?rest_route=\/wp\/v2\/types\/page"}],"author":[{"embeddable":true,"href":"https:\/\/www.comedian-harmonists.net\/index.php?rest_route=\/wp\/v2\/users\/1"}],"replies":[{"embeddable":true,"href":"https:\/\/www.comedian-harmonists.net\/index.php?rest_route=%2Fwp%2Fv2%2Fcomments&post=1507"}],"version-history":[{"count":4,"href":"https:\/\/www.comedian-harmonists.net\/index.php?rest_route=\/wp\/v2\/pages\/1507\/revisions"}],"predecessor-version":[{"id":1511,"href":"https:\/\/www.comedian-harmonists.net\/index.php?rest_route=\/wp\/v2\/pages\/1507\/revisions\/1511"}],"up":[{"embeddable":true,"href":"https:\/\/www.comedian-harmonists.net\/index.php?rest_route=\/wp\/v2\/pages\/18"}],"wp:attachment":[{"href":"https:\/\/www.comedian-harmonists.net\/index.php?rest_route=%2Fwp%2Fv2%2Fmedia&parent=1507"}],"curies":[{"name":"wp","href":"https:\/\/api.w.org\/{rel}","templated":true}]}}