{"id":30,"date":"2013-09-27T01:57:47","date_gmt":"2013-09-26T23:57:47","guid":{"rendered":"http:\/\/www.comedian-harmonists.net\/?page_id=30"},"modified":"2016-10-12T17:28:38","modified_gmt":"2016-10-12T15:28:38","slug":"literatur","status":"publish","type":"page","link":"https:\/\/www.comedian-harmonists.net\/?page_id=30","title":{"rendered":"Literatur"},"content":{"rendered":"<p><strong>von Josef Westner &#038; Broody<\/strong><br \/>\n&nbsp;<\/p>\n<ul>\n&rarr; <a href=\"#LITCH\"><strong>Literatur \u00fcber die Comedian Harmonists<\/strong><\/a><br \/>\n&rarr; <a href=\"#LITM\"><strong>Literatur \u00fcber Mitglieder der Comedian Harmonists<\/strong><\/a><br \/>\n&rarr; <a href=\"#DISCO\"><strong>Discographien<\/strong><\/a><br \/>\n&rarr; <a href=\"#KINO\"><strong>B\u00fccher zum Vilsmaier-Kinofilm \u201eComedian Harmonists\u201c<\/strong><\/a><br \/>\n&rarr; <a href=\"#SONST\"><strong>Sonstiges<\/strong><\/a>\n<\/ul>\n<hr align=\"center\" size=\"2\" width=\"100%\" \/>\n<h5><a name=\"LITCH\"><\/a>Literatur \u00fcber die Comedian Harmonists:<\/h5>\n<ul><strong>Ahrend, Thorsten<br \/>\nSechs Herren im Frack.<br \/>\nDer Start der Comedian Harmonists begann in Leipzig.<\/strong><br \/>\nIn: Triangel, 9 (1998). S. 10-17.<\/ul>\n<ul><strong>Czada, Peter, G\u00fcnter Gro\u00dfe<br \/>\nComedian Harmonists:<br \/>\nEin Vokalensemble erobert die Welt.<\/strong><br \/>\nBerlin 1993, 1998.<br \/>\n(<a title=\"Comedian Harmonists: Ein Vokalensemble erobert die Welt\" href=\"http:\/\/www.amazon.de\/Comedian-Harmonists-Vokalensemble-erobert-Welt\/dp\/3894680822\/ref=sr_1_1?s=books&amp;ie=UTF8&amp;qid=1378762223&amp;sr=1-1\" target=\"_blank\">&rarr; Amazon-Seite des Buchs<\/a>)<\/ul>\n<ul><strong>Czada, Peter<br \/>\nDie Comedian Harmonists lehren Sie wieder lachen.<br \/>\nEin Vokalensemble erobert die Welt.<\/strong><br \/>\nIn: Triangel, 9 (1998). S. 4-9.<\/ul>\n<ul><strong>Czada, Peter<br \/>\nEine zerbrochene Schallplatte.<br \/>\nZur Bewahrung und Renaissance der Musik und Geschichte der Comedian Harmonists.<\/strong><br \/>\nIn: Triangel, 9 (1998). S. 20-25.<\/ul>\n<ul><strong>Czada, Peter<br \/>\nHarmonists \u2013 Disharmonists.<br \/>\nEine kleine Nachlese zum Titelthema des September-Hefts.<\/strong><br \/>\nIn: Triangel, 11 (1998). S. 56-61.<\/ul>\n<ul><strong>Czada, Peter<br \/>\nVerg\u00f6ttert und verjagt.<br \/>\nComedian Harmonists.<\/strong><br \/>\nIn: Fox auf 78, 7 (1989). S. 48-51.<\/ul>\n<ul><strong>Fechner, Eberhard<br \/>\nDie Comedian Harmonists:<br \/>\nSechs Lebensl\u00e4ufe.<\/strong><br \/>\nM\u00fcnchen 1988.<br \/>\n(<a title=\"EberhardFechner.de\" href=\"http:\/\/www.eberhardfechner.de\/\" target=\"_blank\">&rarr; offizielle Seite des Autors<\/a> \/ <a title=\"Die Comedian Harmonists: Sechs Lebensl\u00e4ufe\" href=\"http:\/\/www.amazon.de\/Die-Comedian-Harmonists-Sechs-Lebensl%C3%A4ufe\/dp\/3453873157\/ref=sr_1_1?s=books&amp;ie=UTF8&amp;qid=1378762436&amp;sr=1-1\" target=\"_blank\">&rarr; Amazon-Seite des Buchs<\/a>)<\/ul>\n<ul><strong>Friedman, Douglas E.<br \/>\nThe Comedian Harmonists:<br \/>\nThe Last Great Jewish Performers in Nazi Germany.<\/strong><br \/>\nWest Long Branch 2010.<br \/>\n(<a title=\"The Comedian Harmonists: The Last Great Jewish Performers in Nazi Germany\" href=\"http:\/\/comedianharmonistsbook.com\/\" target=\"_blank\">&rarr; offizielle Seite des Buchs<\/a> \/ <a title=\"Facebook-Seite zum Buch\" href=\"http:\/\/www.facebook.com\/pages\/Comedian-Harmonists-Book\/160031134019136\" target=\"_blank\">&rarr; Facebook-Seite zum Buch<\/a>)<\/ul>\n<ul><strong>Graf, Ingrid (Hg.)<br \/>\nComedian Harmonists.<br \/>\nIhr Leben, ihre Welterfolge.<\/strong><br \/>\nM\u00fcnchen 2000.<\/ul>\n<ul><strong>Gruber, Primavera<br \/>\n\u201eAnd zo \u2013 all that time we earn no money&#8230;\u201c.<br \/>\nDie \u201eComedian Harmonists\u201c und der Operns\u00e4nger Arthur Fleischer in Wien.<\/strong><br \/>\nIn: Ursula Seeber (Hg.): Asyl wider Willen. Exil in \u00d6sterreich 1933 \u2013 1938. Wien 2003. S. 66-70.<\/ul>\n<ul><strong>Hofmann, Bernhard<br \/>\nSchlager und Arrangements der Comedian Harmonists als Beispiele vokaler Unterhaltungsmusik um 1930.<\/strong><br \/>\nZulassungsarbeit, Typoskript. M\u00fcnchen 1982.<\/ul>\n<ul><strong>Westner, Josef<br \/>\nComedian Harmonists, Meister-Sextett und Comedy Harmonists.<br \/>\nEine Vokalgruppe in Republik, NS-Reich und Emigration.<\/strong><br \/>\nZulassungsarbeit, Typoskript. Regensburg 2010.<\/ul>\n<ul><strong>Westner, Josef<br \/>\nDie Geschichte des Meister-Sextetts.<\/strong><br \/>\nIn: Fox auf 78, 25 (2009). S. 18-24.<\/ul>\n<ul><strong>Westner, Josef<br \/>\nDr\u00fcben in der Heimat.<br \/>\nDas Meister-Sextett.<\/strong><br \/>\nAuf: <a href=\"http:\/\/grammophon-platten.de\/page.php?333\" target=\"_blank\">&rarr; Grammophon-Platten.de<\/a> (2013).<\/ul>\n<ul><strong>Westner, Josef<br \/>\nIch muss heute singen.<br \/>\nDie Comedy Harmonists.<\/strong><br \/>\nAuf: <a href=\"http:\/\/grammophon-platten.de\/page.php?335\" target=\"_blank\">&rarr; Grammophon-Platten.de<\/a> (2013).<\/ul>\n<ul><strong>Westner, Josef<br \/>\nMorgen muss ich fort von hier.<br \/>\nDie Comedian Harmonists.<\/strong><br \/>\nAuf: <a href=\"http:\/\/grammophon-platten.de\/page.php?331\" target=\"_blank\">&rarr; Grammophon-Platten.de<\/a> (2013).<\/ul>\n<ul><strong>Westner, Josef<br \/>\nVokal total bei der UFA.<br \/>\nGesangsgruppen in deutschen Filmen.<\/strong><br \/>\nTyposkript (vorauss. in: Fox auf 78, 29, 2017).<\/ul>\n<p>&nbsp;<\/p>\n<hr align=\"center\" size=\"2\" width=\"100%\" \/>\n<h5><a name=\"LITM\"><\/a>Literatur \u00fcber Mitglieder der Comedian Harmonists:<\/h5>\n<ul><strong>Boldt, Andreas, Andreas Tichler<br \/>\n\u201eVielleicht w\u00e4ren wir popul\u00e4rer als die Beatles\u201c.<br \/>\nBesuch bei Roman Cycowski von den Comedian Harmonists.<\/strong><br \/>\nIn: Musikwoche, 13 (1998). S. 10f.<\/ul>\n<ul><strong>Brodersen, Waltraud, Claus Mewes<br \/>\nConversation avec le pianiste Ernst Engel.<\/strong><br \/>\nIn: Baur, Andreas, Claus Mewes (Hg.): Beiheft zum Katalog. Wols.<br \/>\nAquarelle, Zeichnungen, Notizbl\u00e4tter aus dem Besitz von Marc Johann\u00e8s. Hamburg 2001. S. 8-12.<\/ul>\n<ul><strong>Gr\u00fcbler, Jan<br \/>\nKantoren, K\u00fcnstler, Kontinente &#8211; J\u00fcdische Schicksale:<br \/>\nDie Familie von Harry Frommermann, Gr\u00fcnder der \u201eComedian Harmonists\u201c.<\/strong><br \/>\nBerlin 2014.<br \/>\n(<a href=\"https:\/\/www.verlag-koester.de\/index.php?id=114&#038;tx_fbmagento[shop][route]=catalog&#038;tx_fbmagento[shop][controller]=product&#038;tx_fbmagento[shop][action]=view&#038;tx_fbmagento[shop][id]=1186&#038;tx_fbmagento[shop][s]=kantoren-kunstler-kontinente-judische-schicksale\" title=\"Kantoren, K\u00fcnstler, Kontinente - J\u00fcdische Schicksale: Die Familie von Harry Frommermann, Gr\u00fcnder der Comedian Harmonists\" target=\"_blank\">&rarr; offizielle Seite des Buchs<\/a>)<\/ul>\n<ul><strong>Harth, Martin<br \/>\n\u201eMeister-S\u00e4nger\u201c und Kabarettist.<br \/>\nFred Kassen war Marktheidenfelds \u201eChef-Ankl\u00e4ger\u201c nach dem Krieg.<\/strong><br \/>\nIn: <a href=\"http:\/\/www.mainpost.de\/lokales\/main-spessart\/-bdquo-Meister-Saenger-ldquo-und-Kabarettist;art776,4910671\" target=\"_blank\">&rarr; Mainpost<\/a>, 7.1.2009.<\/ul>\n<ul><strong>Hortig, Michael<br \/>\nRudolf Mayreder.<br \/>\nEine kurze Biographie des Basses der Comedian Harmonists-Emigrantengruppe.<\/strong><br \/>\nIn: Fox auf 78, 23 (2006). S. 48f.<\/ul>\n<ul><strong>Hortig, Michael<br \/>\nThe lost Harmonist.<br \/>\nJohann Rexeis, Tenor der Comedy Harmonists.<\/strong><br \/>\nIn: Fox auf 78, 25 (2009). S. 31-33.<\/ul>\n<ul><strong>Meyer-R\u00e4hnitz, Bernd<br \/>\nAri und Asparuch.<br \/>\nZwei ungleiche Br\u00fcder.<\/strong><br \/>\nIn: Fox auf 78, 25 (2009). S. 25-30.<\/ul>\n<ul><strong>Wolff, Raymond<br \/>\nOberkantor Frommermann.<br \/>\nMusik in der j\u00fcdischen Br\u00fcdergemeinde Neuk\u00f6lln.<\/strong><br \/>\nIn: Dorothea Kolland (Hg.): Rixdorfer Musen, Neinsager und Caprifischer. Musik- und Theatergeschichte aus Rixdorf und Neuk\u00f6lln. Berlin 1990. S. 194-197.<\/ul>\n<p>&nbsp;<\/p>\n<hr align=\"center\" size=\"2\" width=\"100%\" \/>\n<h5><a name=\"DISCO\"><\/a>Discographien:<\/h5>\n<ul><strong>Andreas Schmauder<br \/>\nIrgendwo auf der Welt:<br \/>\nDie Schallplatten der Comedian Harmonists und ihrer Nachfolgegruppen.<\/strong><br \/>\nFreiburg 1999.<br \/>\n(<a title=\"Phonopassion.de\" href=\"http:\/\/www.phonopassion.de\" target=\"_blank\">&rarr; offizielle Seite des Autors<\/a> \/ <a title=\"Irgendwo auf der Welt - Die Schallplatten der Comedian Harmonists und ihrer Nachfolgegruppen\" href=\"http:\/\/www.phonopassion.de\/index.php?key=comedian_de\" target=\"_blank\">&rarr; offizielle Seite des Buchs<\/a>)<\/ul>\n<p>&nbsp;<\/p>\n<hr align=\"center\" size=\"2\" width=\"100%\" \/>\n<h5><a name=\"KINO\"><\/a>B\u00fccher zum Vilsmaier-Kinofilm &#8222;Comedian Harmonists&#8220;:<\/h5>\n<ul><strong>Joseph Vilsmaier<br \/>\nComedian Harmonists.<br \/>\nEine Legende kehrt zur\u00fcck. Der Film.<\/strong><br \/>\nLeipzig 1997.<br \/>\n(<a title=\"Die Comedian Harmonists. Eine Legende kehrt zur\u00fcck. Der Film\" href=\"http:\/\/www.amazon.de\/Comedian-Harmonists-Legende-kehrt-zur%C3%BCck\/dp\/B006VXHIVY\/ref=sr_1_2?s=books&amp;ie=UTF8&amp;qid=1378763380&amp;sr=1-2&amp;amp\" target=\"_blank\">&rarr; Amazon-Seite des Buchs<\/a>)<\/ul>\n<ul><strong>Tilo K\u00f6hler<br \/>\nComedian Harmonists:<br \/>\nRoman.<\/strong><br \/>\nLeipzig 1997.<br \/>\n(<a title=\"Comedian Harmonists: Roman\" href=\"http:\/\/www.amazon.de\/Comedian-Harmonists-Roman-Tilo-K%C3%B6hler\/dp\/3746628180\/ref=sr_1_1?s=books&amp;ie=UTF8&amp;qid=1378763466&amp;sr=1-1\" target=\"_blank\">&rarr; Amazon-Seite des Buchs<\/a>)<\/ul>\n<p>&nbsp;<\/p>\n<hr align=\"center\" size=\"2\" width=\"100%\" \/>\n<h5><a name=\"SONST\"><\/a>Sonstiges:<\/h5>\n<ul><strong>Klaus V\u00f6lker<br \/>\nKabarett der Komiker.<br \/>\nBerlin 1924 bis 1950.<\/strong><br \/>\nBerlin 2010.<br \/>\n(<a title=\"Kabarett der Komiker: Berlin 1924 bis 1950\" href=\"http:\/\/www.amazon.de\/Kabarett-Komiker-1924-1950-Klaus-V%C3%B6lker\/dp\/3869160500\/ref=la_B001I7XVTG_1_1?s=books&#038;ie=UTF8&#038;qid=1451045918&#038;sr=1-1\" target=\"_blank\">&rarr; Amazon-Seite des Buchs<\/a>)<\/ul>\n<p>&nbsp;<\/p>\n","protected":false},"excerpt":{"rendered":"<p>von Josef Westner &#038; Broody &nbsp; &rarr; Literatur \u00fcber die Comedian Harmonists &rarr; Literatur \u00fcber Mitglieder der Comedian Harmonists &rarr; Discographien &rarr; B\u00fccher zum Vilsmaier-Kinofilm \u201eComedian Harmonists\u201c &rarr; Sonstiges Literatur&hellip; <\/p>\n","protected":false},"author":1,"featured_media":0,"parent":15,"menu_order":7,"comment_status":"closed","ping_status":"closed","template":"","meta":{"footnotes":""},"class_list":["post-30","page","type-page","status-publish","hentry"],"_links":{"self":[{"href":"https:\/\/www.comedian-harmonists.net\/index.php?rest_route=\/wp\/v2\/pages\/30","targetHints":{"allow":["GET"]}}],"collection":[{"href":"https:\/\/www.comedian-harmonists.net\/index.php?rest_route=\/wp\/v2\/pages"}],"about":[{"href":"https:\/\/www.comedian-harmonists.net\/index.php?rest_route=\/wp\/v2\/types\/page"}],"author":[{"embeddable":true,"href":"https:\/\/www.comedian-harmonists.net\/index.php?rest_route=\/wp\/v2\/users\/1"}],"replies":[{"embeddable":true,"href":"https:\/\/www.comedian-harmonists.net\/index.php?rest_route=%2Fwp%2Fv2%2Fcomments&post=30"}],"version-history":[{"count":15,"href":"https:\/\/www.comedian-harmonists.net\/index.php?rest_route=\/wp\/v2\/pages\/30\/revisions"}],"predecessor-version":[{"id":1720,"href":"https:\/\/www.comedian-harmonists.net\/index.php?rest_route=\/wp\/v2\/pages\/30\/revisions\/1720"}],"up":[{"embeddable":true,"href":"https:\/\/www.comedian-harmonists.net\/index.php?rest_route=\/wp\/v2\/pages\/15"}],"wp:attachment":[{"href":"https:\/\/www.comedian-harmonists.net\/index.php?rest_route=%2Fwp%2Fv2%2Fmedia&parent=30"}],"curies":[{"name":"wp","href":"https:\/\/api.w.org\/{rel}","templated":true}]}}