{"id":42,"date":"2013-09-27T02:15:51","date_gmt":"2013-09-27T00:15:51","guid":{"rendered":"http:\/\/www.comedian-harmonists.net\/?page_id=42"},"modified":"2016-10-12T18:28:20","modified_gmt":"2016-10-12T16:28:20","slug":"vokalgruppen","status":"publish","type":"page","link":"https:\/\/www.comedian-harmonists.net\/?page_id=42","title":{"rendered":"Vokalgruppen"},"content":{"rendered":"<p>Im Folgenden finden sich Informationen zu verschiedenen Vokalgruppen, die zur Zeit der Comedian Harmonists und ihrer Nachfolgegruppen in Deutschland und \u00d6sterreich aktiv waren. Einige davon brauchen den Vergleich mit diesen heute noch so ber\u00fchmten Gruppen nicht im Geringsten zu scheuen und sind im Laufe der Zeit v\u00f6llig zu Unrecht in Vergessenheit geraten.<br \/>\n&nbsp;<\/p>\n<ul>\n&rarr; <strong><a href=\"http:\/\/www.comedian-harmonists.net\/?page_id=550\" title=\"Abels (Five Songs)\">Abels (Five Songs)<\/a><\/strong><br \/>\n&rarr; <strong><a href=\"http:\/\/www.comedian-harmonists.net\/?page_id=823\" title=\"Harmony Boys (Fidelios)\">Harmony Boys (Fidelios)<\/a><\/strong><br \/>\n&rarr; <strong><a href=\"http:\/\/www.comedian-harmonists.net\/?page_id=840\" title=\"Humoresk Melodios\">Humoresk Melodios<\/a><\/strong><br \/>\n&rarr; <strong><a href=\"http:\/\/www.comedian-harmonists.net\/?page_id=897\" title=\"Kardosch-S\u00e4nger\">Kardosch-S\u00e4nger<\/a><\/strong><br \/>\n&rarr; <strong><a href=\"http:\/\/www.comedian-harmonists.net\/?page_id=914\" title=\"Melodisten\">Melodisten<\/a><\/strong><br \/>\n&rarr; <strong><a href=\"http:\/\/www.comedian-harmonists.net\/?page_id=932\" title=\"Metropol-Vokalisten\">Metropol-Vokalisten<\/a><\/strong><br \/>\n&rarr; <strong><a href=\"http:\/\/www.comedian-harmonists.net\/?page_id=1011\" title=\"Revelers\">Revelers<\/a><\/strong><br \/>\n&rarr; <strong><a href=\"http:\/\/www.comedian-harmonists.net\/?page_id=1121\" title=\"Rulands\">Rulands<\/a><\/strong><br \/>\n&rarr; <strong><a href=\"http:\/\/www.comedian-harmonists.net\/?page_id=1138\" title=\"Vier Nachrichter\">Vier Nachrichter<\/a><\/strong><br \/>\n&rarr; <strong><a href=\"http:\/\/www.comedian-harmonists.net\/?page_id=1159\" title=\"Vier Richters\">Vier Richters<\/a><\/strong><\/p>\n<p>&rarr; <strong><a href=\"http:\/\/www.comedian-harmonists.net\/?page_id=1724\" title=\"CD-Tipps\">CD-Tipps<\/a><\/strong><br \/>\n&rarr; <strong><a href=\"http:\/\/www.comedian-harmonists.net\/?page_id=1711\" title=\"Literatur\">Literatur<\/a><\/strong>\n<\/ul>\n<p>&nbsp;<\/p>\n","protected":false},"excerpt":{"rendered":"<p>Im Folgenden finden sich Informationen zu verschiedenen Vokalgruppen, die zur Zeit der Comedian Harmonists und ihrer Nachfolgegruppen in Deutschland und \u00d6sterreich aktiv waren. Einige davon brauchen den Vergleich mit diesen&hellip; <\/p>\n","protected":false},"author":1,"featured_media":0,"parent":0,"menu_order":3,"comment_status":"closed","ping_status":"closed","template":"","meta":{"footnotes":""},"class_list":["post-42","page","type-page","status-publish","hentry"],"_links":{"self":[{"href":"https:\/\/www.comedian-harmonists.net\/index.php?rest_route=\/wp\/v2\/pages\/42","targetHints":{"allow":["GET"]}}],"collection":[{"href":"https:\/\/www.comedian-harmonists.net\/index.php?rest_route=\/wp\/v2\/pages"}],"about":[{"href":"https:\/\/www.comedian-harmonists.net\/index.php?rest_route=\/wp\/v2\/types\/page"}],"author":[{"embeddable":true,"href":"https:\/\/www.comedian-harmonists.net\/index.php?rest_route=\/wp\/v2\/users\/1"}],"replies":[{"embeddable":true,"href":"https:\/\/www.comedian-harmonists.net\/index.php?rest_route=%2Fwp%2Fv2%2Fcomments&post=42"}],"version-history":[{"count":5,"href":"https:\/\/www.comedian-harmonists.net\/index.php?rest_route=\/wp\/v2\/pages\/42\/revisions"}],"predecessor-version":[{"id":1734,"href":"https:\/\/www.comedian-harmonists.net\/index.php?rest_route=\/wp\/v2\/pages\/42\/revisions\/1734"}],"wp:attachment":[{"href":"https:\/\/www.comedian-harmonists.net\/index.php?rest_route=%2Fwp%2Fv2%2Fmedia&parent=42"}],"curies":[{"name":"wp","href":"https:\/\/api.w.org\/{rel}","templated":true}]}}