{"id":50,"date":"2013-09-27T02:31:25","date_gmt":"2013-09-27T00:31:25","guid":{"rendered":"http:\/\/www.comedian-harmonists.net\/?page_id=50"},"modified":"2018-06-11T20:27:56","modified_gmt":"2018-06-11T18:27:56","slug":"kontakt","status":"publish","type":"page","link":"https:\/\/www.comedian-harmonists.net\/?page_id=50","title":{"rendered":"Kontakt"},"content":{"rendered":"<ul>\nF\u00fcr Hinweise, Fragen, Informationen, Anregungen&#8230;<\/p>\n<p>&rarr; <a href=\"mailto:kontakt@comedian-harmonists.net\"><strong>kontakt@comedian-harmonists.net<\/strong><\/a>\n<\/ul>\n<hr align=\"center\" size=\"2\" width=\"100%\" \/>\n<h3>\u00dcber uns<\/h3>\n<ul>Diese Webseiten verstehen sich als rein privates, nicht kommerzielles Gemeinschaftsprojekt einer kleinen Gruppe von Fans der Comedian Harmonists, die es sich zur Aufgabe gemacht haben, diesem legend\u00e4ren Vokalensemble auch im Internet ein Andenken zu setzen.<\/p>\n<p><a href=\"mailto:broody@comedian-harmonists.net\"><strong>Broody<\/strong><\/a> &#8211; Geschichte, Biographien, Konzerte<code>\u2026<\/code><br \/>\n<a href=\"mailto:dominik.david@comedian-harmonists.net\"><strong>Dominik David<\/strong><\/a> &#8211; Fakten &#038; Kuriosa, Programmierung<code>\u2026<\/code><br \/>\n<a href=\"mailto:josef.westner@comedian-harmonists.net\"><strong>Josef Westner<\/strong><\/a> &#8211; Schellack-Discographie, Filmographie, Noten, Vokalgruppen<code>\u2026<\/code><br \/>\n<a href=\"mailto:martin.haberbauer@comedian-harmonists.net\"><strong>Martin Haberbauer<\/strong><\/a> &#8211; Webmaster, Vinyl- &#038; CD-Discographie, Programmierung<code>\u2026<\/code><br \/>\n<a href=\"mailto:nicolas@comedian-harmonists.net\"><strong>Nicolas H\u00f6pfner<\/strong><\/a> &#8211; Design, Programmierung<code>\u2026<\/code><br \/>\n<code>\u2026<\/code><\/ul>\n<hr align=\"center\" size=\"2\" width=\"100%\" \/>\n<h3>Impressum<\/h3>\n<ul><a href=\"mailto:martin.haberbauer@comedian-harmonists.net\"><strong>Martin Haberbauer<\/strong><\/a><br \/>\nSommerlandstr. 17<br \/>\nA-4052 Ansfelden<br \/>\n\u00d6sterreich<\/ul>\n<hr align=\"center\" size=\"2\" width=\"100%\" \/>\n<h3>Rechtliche Hinweise<\/h3>\n<ul>Die Fotos und Abbildungen, die auf diesen Seiten zur Illustration verwendet werden, haben wir als Scans von den jeweiligen Besitzern der Originale erhalten. Es war uns in manchen F\u00e4llen leider auch nach l\u00e4ngeren Recherchen nicht m\u00f6glich, die urspr\u00fcnglichen Urheber ausfindig zu machen, da uns schlie\u00dflich und endlich mindestens 70 Jahre und ein Weltkrieg von den Aufnahmen trennen und auch nur in den seltensten F\u00e4llen eine aussagekr\u00e4ftige Angabe auf den Bildern selbst aufzufinden war. Sollten in einem oder mehreren F\u00e4llen noch Anspr\u00fcche bestehen, so bitten wir um eine kurze Mitteilung, damit wir die entsprechenden Scans gegebenenfalls entfernen k\u00f6nnen.<\/p>\n<p>Auf den Seiten dieser Homepage sind weiters Links zu externen Webseiten enthalten, auf denen zum Zeitpunkt der Verlinkung keine illegalen Inhalte erkennbar waren. Auf die aktuelle und zuk\u00fcnftige Gestaltung dieser Seiten haben wir aber nat\u00fcrlich keinerlei Einfluss, weshalb wir uns von allen Inhalten aller verlinkten Seiten, die nach der Linksetzung ver\u00e4ndert wurden, ausdr\u00fccklich distanzieren.<\/ul>\n<hr align=\"center\" size=\"2\" width=\"100%\" \/>\n<h3><a name=\"DSGVO\"><\/a>Datenschutzerkl\u00e4rung<\/h3>\n<ul>\n<p><strong>Allgemeiner Hinweis und Pflichtinformationen<\/strong><\/p>\n<p><strong>Benennung der verantwortlichen Stelle<\/strong><\/p>\n<p>Die verantwortliche Stelle f\u00fcr die Datenverarbeitung auf dieser Website ist:<\/p>\n<p><span id=\"s3-t-ansprechpartner\"><a href=\"mailto:martin.haberbauer@comedian-harmonists.net\"><strong>Martin Haberbauer<\/strong><\/a><\/span><br \/><span id=\"s3-t-strasse\">Sommerlandstr. 17<\/span><br \/><span id=\"s3-t-plz\">4052<\/span> <span id=\"s3-t-ort\">Ansfelden<\/span><\/p>\n<\/p>\n<p>Die verantwortliche Stelle entscheidet allein oder gemeinsam mit anderen \u00fcber die Zwecke und Mittel der Verarbeitung von personenbezogenen Daten (z.B. Namen, Kontaktdaten o. \u00c4.).<\/p>\n<p><strong>Widerruf Ihrer Einwilligung zur Datenverarbeitung<\/strong><\/p>\n<p>Nur mit Ihrer ausdr\u00fccklichen Einwilligung sind einige Vorg\u00e4nge der Datenverarbeitung m\u00f6glich. Ein Widerruf Ihrer bereits erteilten Einwilligung ist jederzeit m\u00f6glich. F\u00fcr den Widerruf gen\u00fcgt eine formlose Mitteilung per E-Mail. Die Rechtm\u00e4\u00dfigkeit der bis zum Widerruf erfolgten Datenverarbeitung bleibt vom Widerruf unber\u00fchrt.<\/p>\n<p><strong>Recht auf Beschwerde bei der zust\u00e4ndigen Aufsichtsbeh\u00f6rde<\/strong><\/p>\n<p>Als Betroffener steht Ihnen im Falle eines datenschutzrechtlichen Versto\u00dfes ein Beschwerderecht bei der zust\u00e4ndigen Aufsichtsbeh\u00f6rde zu.<\/p>\n<p><strong>Recht auf Daten\u00fcbertragbarkeit<\/strong><\/p>\n<p>Ihnen steht das Recht zu, Daten, die wir auf Grundlage Ihrer Einwilligung oder in Erf\u00fcllung eines Vertrags automatisiert verarbeiten, an sich oder an Dritte aush\u00e4ndigen zu lassen. Die Bereitstellung erfolgt in einem maschinenlesbaren Format. Sofern Sie die direkte \u00dcbertragung der Daten an einen anderen Verantwortlichen verlangen, erfolgt dies nur, soweit es technisch machbar ist.<\/p>\n<p><strong>Recht auf Auskunft, Berichtigung, Sperrung, L\u00f6schung<\/strong><\/p>\n<p>Sie haben jederzeit im Rahmen der geltenden gesetzlichen Bestimmungen das Recht auf unentgeltliche Auskunft \u00fcber Ihre gespeicherten personenbezogenen Daten, Herkunft der Daten, deren Empf\u00e4nger und den Zweck der Datenverarbeitung und ggf. ein Recht auf Berichtigung, Sperrung oder L\u00f6schung dieser Daten. Diesbez\u00fcglich und auch zu weiteren Fragen zum Thema personenbezogene Daten k\u00f6nnen Sie sich jederzeit \u00fcber die im Impressum aufgef\u00fchrten Kontaktm\u00f6glichkeiten an uns wenden.<\/p>\n<p><strong>SSL- bzw. TLS-Verschl\u00fcsselung<\/strong><\/p>\n<p>Aus Sicherheitsgr\u00fcnden und zum Schutz der \u00dcbertragung vertraulicher Inhalte, die Sie an uns als Seitenbetreiber senden, nutzt unsere Website eine SSL-bzw. TLS-Verschl\u00fcsselung. Damit sind Daten, die Sie \u00fcber diese Website \u00fcbermitteln, f\u00fcr Dritte nicht mitlesbar. Sie erkennen eine verschl\u00fcsselte Verbindung an der \u201ehttps:\/\/\u201c Adresszeile Ihres Browsers und am Schloss-Symbol in der Browserzeile.<\/p>\n<p><strong>Server-Log-Dateien<\/strong><\/p>\n<p>In Server-Log-Dateien erhebt und speichert der Provider der Website automatisch Informationen, die Ihr Browser automatisch an uns \u00fcbermittelt. Dies sind:<\/p>\n<ul>\n<li>Besuchte Seite auf unserer Domain<\/li>\n<li>Datum und Uhrzeit der Serveranfrage<\/li>\n<li>Browsertyp und Browserversion<\/li>\n<li>Verwendetes Betriebssystem<\/li>\n<li>Referrer URL<\/li>\n<li>Hostname des zugreifenden Rechners<\/li>\n<li>IP-Adresse<\/li>\n<\/ul>\n<p>Es findet keine Zusammenf\u00fchrung dieser Daten mit anderen Datenquellen statt. Grundlage der Datenverarbeitung bildet Art. 6 Abs. 1 lit. b DSGVO, der die Verarbeitung von Daten zur Erf\u00fcllung eines Vertrags oder vorvertraglicher Ma\u00dfnahmen gestattet.<\/p>\n<p><strong>Kontaktformular\/G\u00e4stebuch<\/strong><\/p>\n<p>Per Kontaktformular\/G\u00e4stebuch \u00fcbermittelte Daten werden einschlie\u00dflich Ihrer Kontaktdaten gespeichert, um Ihre Anfrage bearbeiten zu k\u00f6nnen oder um f\u00fcr Anschlussfragen bereitzustehen. Eine Weitergabe dieser Daten findet ohne Ihre Einwilligung nicht statt.<\/p>\n<p>Die Verarbeitung der in das Kontaktformular\/G\u00e4stebuch eingegebenen Daten erfolgt ausschlie\u00dflich auf Grundlage Ihrer Einwilligung (Art. 6 Abs. 1 lit. a DSGVO). Ein Widerruf Ihrer bereits erteilten Einwilligung ist jederzeit m\u00f6glich. F\u00fcr den Widerruf gen\u00fcgt eine formlose Mitteilung per E-Mail. Die Rechtm\u00e4\u00dfigkeit der bis zum Widerruf erfolgten Datenverarbeitungsvorg\u00e4nge bleibt vom Widerruf unber\u00fchrt.<\/p>\n<p>\u00dcber das Kontaktformular\/G\u00e4stebuch \u00fcbermittelte Daten verbleiben bei uns, bis Sie uns zur L\u00f6schung auffordern, Ihre Einwilligung zur Speicherung widerrufen oder keine Notwendigkeit der Datenspeicherung mehr besteht. Zwingende gesetzliche Bestimmungen &#8211; insbesondere Aufbewahrungsfristen &#8211; bleiben unber\u00fchrt.<\/p>\n<p><small>Quelle: Datenschutz-Konfigurator von <a href=\"http:\/\/www.mein-datenschutzbeauftragter.de\" target=\"_blank\">mein-datenschutzbeauftragter.de<\/a><\/small><\/p>\n<\/ul>\n<p>&nbsp;<\/p>\n","protected":false},"excerpt":{"rendered":"<p>F\u00fcr Hinweise, Fragen, Informationen, Anregungen&#8230; &rarr; kontakt@comedian-harmonists.net \u00dcber uns Diese Webseiten verstehen sich als rein privates, nicht kommerzielles Gemeinschaftsprojekt einer kleinen Gruppe von Fans der Comedian Harmonists, die es sich&hellip; <\/p>\n","protected":false},"author":1,"featured_media":0,"parent":0,"menu_order":6,"comment_status":"closed","ping_status":"closed","template":"","meta":{"footnotes":""},"class_list":["post-50","page","type-page","status-publish","hentry"],"_links":{"self":[{"href":"https:\/\/www.comedian-harmonists.net\/index.php?rest_route=\/wp\/v2\/pages\/50","targetHints":{"allow":["GET"]}}],"collection":[{"href":"https:\/\/www.comedian-harmonists.net\/index.php?rest_route=\/wp\/v2\/pages"}],"about":[{"href":"https:\/\/www.comedian-harmonists.net\/index.php?rest_route=\/wp\/v2\/types\/page"}],"author":[{"embeddable":true,"href":"https:\/\/www.comedian-harmonists.net\/index.php?rest_route=\/wp\/v2\/users\/1"}],"replies":[{"embeddable":true,"href":"https:\/\/www.comedian-harmonists.net\/index.php?rest_route=%2Fwp%2Fv2%2Fcomments&post=50"}],"version-history":[{"count":55,"href":"https:\/\/www.comedian-harmonists.net\/index.php?rest_route=\/wp\/v2\/pages\/50\/revisions"}],"predecessor-version":[{"id":1803,"href":"https:\/\/www.comedian-harmonists.net\/index.php?rest_route=\/wp\/v2\/pages\/50\/revisions\/1803"}],"wp:attachment":[{"href":"https:\/\/www.comedian-harmonists.net\/index.php?rest_route=%2Fwp%2Fv2%2Fmedia&parent=50"}],"curies":[{"name":"wp","href":"https:\/\/api.w.org\/{rel}","templated":true}]}}